 112 and 3952?
16
What is the highest common factor of 5859 and 25893?
189
Calculate the highest common divisor of 20628 and 36180.
108
What is the highest common factor of 22137 and 987?
141
What is the highest common factor of 44 and 1622852?
44
Calculate the greatest common divisor of 2336640 and 120.
120
What is the greatest common divisor of 546 and 27482?
182
What is the highest common divisor of 87 and 1917973?
29
Calculate the highest common divisor of 5917 and 5626.
97
Calculate the greatest common factor of 11336953 and 23.
23
What is the greatest common divisor of 1275 and 3400?
425
What is the greatest common factor of 8115 and 180?
15
What is the highest common divisor of 1493305 and 5?
5
Calculate the highest common divisor of 2528 and 230838.
158
Calculate the highest common divisor of 37195 and 24220.
865
Calculate the greatest common divisor of 3841 and 1099027.
167
Calculate the greatest common divisor of 124 and 229276.
124
What is the greatest common factor of 866873 and 3108?
259
What is the greatest common factor of 2901 and 3?
3
What is the greatest common divisor of 219 and 1355829?
219
Calculate the greatest common factor of 21488 and 1422.
158
What is the highest common divisor of 1029 and 8918?
343
Calculate the highest common divisor of 228 and 107556.
12
What is the greatest common factor of 3012 and 30768?
12
What is the greatest common divisor of 230749 and 649?
59
Calculate the greatest common factor of 232 and 833112.
232
Calculate the greatest common factor of 4860 and 480.
60
Calculate the highest common factor of 5252 and 3131.
101
Calculate the highest common divisor of 124 and 208413.
31
Calculate the greatest common factor of 42 and 186078.
6
Calculate the greatest common divisor of 105726 and 8679.
789
What is the greatest common divisor of 211 and 751371?
211
Calculate the highest common factor of 2955 and 194045.
985
What is the highest common divisor of 270 and 1694034?
54
Calculate the greatest common divisor of 13672 and 28.
4
What is the greatest common factor of 221482 and 37?
37
What is the greatest common divisor of 12296 and 5800?
232
What is the greatest common factor of 246959 and 34?
17
What is the greatest common divisor of 5476 and 2294?
74
What is the greatest common factor of 24567 and 456?
57
What is the highest common divisor of 312026 and 22?
22
Calculate the greatest common divisor of 356 and 307673.
89
What is the highest common factor of 1329 and 12?
3
Calculate the highest common divisor of 34701 and 78.
3
Calculate the highest common divisor of 581 and 16600.
83
What is the greatest common factor of 41511 and 2727?
303
Calculate the greatest common factor of 21573 and 7344.
459
Calculate the highest common factor of 22 and 1132406.
22
What is the highest common factor of 1001 and 8349?
11
Calculate the greatest common divisor of 20202 and 44499.
273
What is the highest common divisor of 5846 and 53?
1
Calculate the greatest common divisor of 2112 and 17028.
132
Calculate the highest common factor of 5593 and 164171.
329
What is the highest common factor of 99 and 2603403?
99
What is the greatest common factor of 614 and 96398?
614
Calculate the greatest common factor of 243 and 2263707.
81
What is the highest common factor of 1575 and 44478?
63
Calculate the highest common factor of 4820639 and 23.
23
Calculate the highest common factor of 110205 and 930.
465
Calculate the greatest common factor of 113765 and 2440.
305
What is the highest common divisor of 1467 and 163?
163
What is the greatest common factor of 121590 and 50?
10
What is the greatest common factor of 14271 and 1608?
201
What is the greatest common divisor of 262119 and 1927?
47
Calculate the highest common divisor of 3266620 and 280.
140
What is the highest common factor of 1852 and 160?
4
Calculate the greatest common factor of 659199 and 116.
29
What is the highest common divisor of 2856744 and 792?
792
What is the greatest common factor of 102 and 398?
2
What is the greatest common divisor of 25659 and 639?
9
Calculate the greatest common divisor of 64110 and 150.
30
What is the greatest common factor of 7628064 and 12?
12
Calculate the highest common factor of 47322 and 330.
66
Calculate the highest common factor of 127098 and 1104.
138
Calculate the highest common divisor of 19567 and 2057.
17
Calculate the greatest common factor of 1224 and 101376.
72
What is the highest common factor of 47 and 798013?
47
Calculate the highest common factor of 1019 and 5192824.
1019
Calculate the highest common divisor of 38 and 66139.
19
What is the greatest common divisor of 443665 and 890?
445
What is the highest common factor of 8 and 121922?
2
What is the greatest common divisor of 67 and 45694?
67
Calculate the greatest common factor of 43995 and 735.
105
What is the greatest common factor of 22603 and 49?
7
What is the highest common divisor of 3239306 and 42?
14
Calculate the highest common divisor of 2655020 and 20.
20
Calculate the highest common factor of 139 and 57268.
139
Calculate the highest common divisor of 14 and 30898.
14
Calculate the highest common divisor of 301 and 2702.
7
Calculate the greatest common divisor of 137 and 1203.
1
What is the greatest common divisor of 271082 and 112?
14
Calculate the highest common factor of 9345 and 1295.
35
Calculate the greatest common divisor of 420 and 13140.
60
Calculate the highest common factor of 17875 and 4225.
325
Calculate the highest common divisor of 110223 and 703.
37
Calculate the highest common factor of 506 and 10708478.
506
Calculate the highest common divisor of 392 and 4832.
8
Calculate the greatest common factor of 84650 and 2800.
50
What is the greatest common factor of 4 and 49776?
4
What is the greatest common factor of 5633 and 8299?
43
Calculate the highest common factor of 150 and 2535400.
50
What is the greatest common factor of 13706 and 801?
89
What is the greatest common divisor of 728 and 1134?
14
What is the highest common divisor of 79092 and 15408?
36
What is the greatest common divisor of 830 and 145?
5
Calculate the greatest common factor of 1659 and 12306.
21
Calculate the highest common divisor of 18 and 4507335.
9
Calculate the greatest common factor of 25474 and 33062.
542
What is the highest common factor of 2572129 and 1036?
259
What is the greatest common divisor of 54 and 4964?
2
What is the greatest common factor of 4 and 948716?
4
What is the greatest common divisor of 14 and 226562?
14
Calculate the highest common factor of 12801 and 102.
51
What is the greatest common factor of 765 and 69785?
85
What is the highest common divisor of 85075 and 205?
205
Calculate the highest common divisor of 170833 and 2.
1
Calculate the greatest common divisor of 133056 and 486.
54
What is the greatest common divisor of 722 and 38?
38
What is the highest common divisor of 306 and 89406?
18
Calculate the greatest common factor of 2 and 90011.
1
Calculate the highest common divisor of 2057 and 62951.
17
Calculate the greatest common divisor of 44618 and 4.
2
Calculate the greatest common factor of 2040 and 1005.
15
Calculate the highest common divisor of 23328 and 1536.
96
What is the greatest common divisor of 60 and 484940?
20
What is the highest common factor of 5052 and 60?
12
What is the highest common factor of 1405340 and 20?
20
What is the highest common divisor of 93 and 261237?
93
Calculate the greatest common factor of 267 and 59897.
89
What is the greatest common factor of 1230971 and 91?
7
Calculate the greatest common divisor of 139499 and 7761.
199
What is the greatest common factor of 31716 and 900?
36
What is the greatest common factor of 57393 and 378?
63
What is the highest common divisor of 340 and 9204820?
340
What is the greatest common divisor of 682 and 138974?
22
What is the greatest common divisor of 184625 and 844?
211
What is the greatest common factor of 3720 and 194040?
120
What is the greatest common factor of 24824 and 464?
232
What is the greatest common factor of 1679 and 11264411?
1679
What is the greatest common factor of 21948 and 372?
372
Calculate the greatest common factor of 4890 and 240.
30
Calculate the highest common divisor of 240 and 1380.
60
Calculate the greatest common divisor of 169425